?
2
Let l(h) = h**3 - 3*h**2 - 2*h - 5. Let g be l(4). Suppose 4 - g = d. What is the units digit of d + 5 - (-1)/1?
7
Suppose 0*w + 12 = 3*w + n, 2*w - 4*n = -6. Let l(g) = 4 + 4*g**2 + w*g**2 - 3. What is the units digit of l(-1)?
8
Suppose 2*c + 63 = 5*c. Let a be 2/5 - 4/10. Suppose 0*v - 3*v - 3*x = -c, -3*v - 4*x + 26 = a. What is the units digit of v?
2
Let m be 1 + 2 + 1 - 2. Suppose 0 = -2*n - m + 10. What is the units digit of n?
4
Suppose -i + 47 = 9. Suppose -6*n = -7*n + i. What is the units digit of n?
8
Suppose -66 = 2*d - d + 5*f, 0 = 2*f - 4. What is the units digit of (d/(-8))/(1/2)?
9
Suppose 2*b + 12 = 6*b - 3*w, w = -4. Suppose 1 = r - b*r. What is the units digit of r?
1
Let w be (-49)/(-3) + (-8)/(-12). Suppose -4 = -p + w. What is the units digit of p?
1
Let r(o) = o + 1. Let w be r(4). Suppose 5*z = -0*z + w. What is the units digit of z?
1
Let b = -3 - 2. Let n = -1 - b. What is the units digit of n?
4
Suppose 5*w + 18 = 2*w. Let j(y) = -y + 3. Let p be j(6). What is the units digit of (-22)/w - p/9?
4
Let u = 5 + -1. Let m(y) = 2*y + 0*y - y + 0*y. What is the units digit of m(u)?
4
Suppose -5*u - 3*n = -28, -4*u + 14 = -5*n - 1. Suppose r = -5*q + 55, 0 = -5*q - r + u*r + 80. What is the tens digit of q?
1
Suppose 6*t - 4*t = 4, 2*a + 14 = 4*t. Let l = a - -7. Let u = 5 - l. What is the units digit of u?
1
Let u(b) = -1 + b + 0*b - 2 + 0. Let c be 30/(-4)*(-8)/12. What is the units digit of u(c)?
2
What is the units digit of 5*(156/20 - 3)?
4
Suppose 139 = -3*f + 565. What is the hundreds digit of f?
1
Suppose -m = -4*q - 42, -14 = 2*q - 0*q + 3*m. Let j be (-13)/(-3)*(4 + q). Let h = -13 - j. What is the units digit of h?
3
Suppose -h = 1, -5*d + h + 6 = -0*h. What is the units digit of 7/(d - 0/(-3))?
7
Let t(q) be the first derivative of q**2/2 - q + 1. What is the units digit of t(3)?
2
Let u = 4 - 1. Suppose 12 = 5*n - u. Suppose n*x = 5*x - 22. What is the tens digit of x?
1
Let z = 106 + -63. Suppose 5*q + 46 = 4*f - z, q = f - 22. What is the units digit of f?
1
Let b(s) = s**3 + 3*s**2 - 1. What is the units digit of b(2)?
9
Let l(p) = -p**3 + 7*p**2 + p + 5. Let r be l(7). Suppose -r - 16 = -4*b. What is the units digit of b?
7
Let h be 5 + (-1)/3*0. Suppose h*i = -m + 50, 85 = 3*m + m - 3*i. What is the tens digit of m?
2
Let w be 16/10 - (-2)/5. Suppose -s = -v - 3 - 0, -4*s = v - w. What is the units digit of s?
1
Suppose -38 - 61 = -3*q. Suppose -92 + 35 = -5*f + 4*h, -5*h = -2*f + q. What is the units digit of f?
9
Suppose -2*x + 6 + 4 = 0. Suppose -x*s - 1 = 9. Let k = s + 14. What is the tens digit of k?
1
Let z = -1 + 1. Let y = z - -26. Suppose 4*v - 2*f = y, -3*v + 15 = -4*f - 7. What is the units digit of v?
6
Let i(v) = v**3 - 5*v**2 - 2*v - 5. Let s be i(6). Suppose q + s = -k - 3*q, 5*k + 3*q + 180 = 0. Let y = -28 - k. What is the tens digit of y?
1
Suppose 5*a = 5*t - 15, -7*t + a = -2*t - 11. Let r = t - -1. Suppose -r*q - 2 = -4*q. What is the units digit of q?
2
Suppose 2*v + 4*i = 78, 3*i - 22 + 178 = 5*v. What is the units digit of 1/(1/v*3)?
1
Suppose 8*h - 4*h = 5*d - 14, -5*h = -4*d + 13. Let x be -44*(-1)/d - -3. Suppose 2*p = x + 5. What is the units digit of p?
5
Let k = -10 - -37. What is the tens digit of k?
2
Let y = -10 + 14. Suppose -50 = -l - 4*l. Suppose -l = -2*p + r + r, y*p - 5*r = 23. What is the units digit of p?
2
Let v(i) = -i. Let x be v(4). What is the units digit of (-94)/x - 3/(-6)?
4
Let s be (-4)/((-1)/1)*1. Let m = -2 + s. What is the units digit of (2 - 1)/(m - 1)?
1
Suppose -q + 24 = -3*f + 2*q, f - 16 = -5*q. What is the units digit of 1/f + 5/4?
1
Let d(s) be the third derivative of s**6/120 + s**5/60 - s**3/3 + 5*s**2. What is the units digit of d(2)?
0
Let x = -2 - -27. Suppose -4*w - 2 = 2*d, 0*w = -5*w + 3*d + x. Suppose w*a - 4 = a. What is the units digit of a?
4
What is the units digit of (36/(-32) - -1) + (-1033)/(-8)?
9
Let m(r) = 8*r - 2. Suppose 0 = 3*o + 1 - 13. What is the tens digit of m(o)?
3
Let g = -27 + -17. What is the units digit of (-24)/36 - g/3?
4
Let p(t) = -t**3 - 15*t**2 + 12. What is the units digit of p(-15)?
2
Let g = 5 + 2. What is the units digit of g?
7
Suppose 0 = 4*t - u - 21, 0 = -t - 2*u + 10 + 2. What is the units digit of t?
6
Let g = -7 + 16. Suppose 3*l = 24 - g. What is the units digit of l?
5
Let q be (2 - (-2 + 3)) + 9. Suppose 0 = -l + 2*n + 6, 3*l + l = 3*n + 19. Let h = q - l. What is the units digit of h?
6
What is the units digit of -1 - -2 - 54*-1?
5
Suppose -4*k = -0*k - 20. Let m = 6 + k. What is the tens digit of m?
1
Let o = -1 + 4. Suppose 2*d = 7 - o, 4*l = -4*d + 24. Suppose -5*h - w + 53 = 5, -l*w = h - 21. What is the units digit of h?
9
Suppose 5*n + 12 = -3. Let a(g) = g**2 - 3*g + 1. Let u be a(n). Let s = u + -8. What is the tens digit of s?
1
Suppose -5*u - 4*v - 3 = 0, 0*v = -3*v - 6. Let a(m) = 54*m**2 + m. What is the tens digit of a(u)?
5
Suppose -5*n + 10*n + 2*f - 49 = 0, 2*n = 5*f + 37. What is the tens digit of n?
1
Let g = 2 + 16. Let h = g + -9. What is the units digit of h?
9
Suppose 0 = -4*w + w + 78. What is the units digit of w?
6
Let d(q) = 2*q**2 - 30*q + 26. What is the units digit of d(21)?
8
Suppose -169 - 65 = -3*v. What is the units digit of v?
8
Let g(r) be the third derivative of -r**7/5040 + r**6/60 - r**5/20 - 2*r**2. Let v(f) be the third derivative of g(f). What is the tens digit of v(0)?
1
Suppose 0 = 5*p + 28 - 153. What is the units digit of p?
5
Let r = 796 - 542. What is the units digit of r?
4
Let q be (60/(-25))/((-2)/(-20)). What is the units digit of q/8 - (-20 + -1)?
8
Suppose 3*k = -2*f + 2, k - 32 = -2*k + 4*f. Suppose k*h - 5*v - 116 = 0, -2*h = 3*h - 3*v - 145. What is the tens digit of h?
2
Suppose -3*t + 44 - 5 = 3*y, 0 = -4*t + 12. What is the units digit of y?
0
Let c be (-51)/(-15) + 2/(-5). Let q = c + -1. What is the units digit of (19 + -4)*q/5?
6
Let n(g) = 4*g**3 - g + 2. Suppose 0 = 4*r + 5*w - 8, w - 2 = -r - 0*w. What is the tens digit of n(r)?
3
Let m(i) = -i**3 + 3*i**2 - 1. Let f be m(3). Let j(o) = -35*o**3 + 2*o + 2. What is the units digit of j(f)?
5
Let o be (267/18)/((-3)/(-18)). Let r = o + -38. What is the units digit of r?
1
Suppose s + 3*h = 14, -3*h + 15 = 3*s - 9. Suppose -2*p - s*z = -z + 10, -4*z - 8 = 0. What is the units digit of 1 + p + (-1 - -6)?
5
Let j(t) = 2*t**3 - 2*t**2. Let n be j(2). Suppose 4*u = n + 8. Suppose u = 5*w - w. What is the units digit of w?
1
Let h(w) = w**3 + 5*w**2 - 8*w - 9. Let g be h(-6). What is the tens digit of (3 + g)*(-9)/(-2)?
2
Let q(m) = 2*m**3 + m**2 - m. Let r be (-4)/10 + (-44)/(-10). Let z = -3 + r. What is the units digit of q(z)?
2
Let l = 240 - 141. What is the units digit of l?
9
Let s(t) = 2*t**2 + 9*t + 9. Let j be 21/(-9)*3/1. Let d be s(j). Suppose -2*x = 4*y + 2*x - d, -1 = -y + x. What is the units digit of y?
6
Let k(n) = 3*n + 48. What is the units digit of k(0)?
8
Suppose 3*i = -2*m + 39 - 2, 4*m = -2*i + 22. Let v = 6 - i. Let n = -2 - v. What is the units digit of n?
5
Let x = 0 - -1. Suppose p + 4*b = 26, 5*p = -0*p - 5*b + 55. Suppose -z + p = x. What is the units digit of z?
5
Suppose -4*f - 2*z = 8, -5*f - 4*z - z = 20. Suppose 3*k = -f*k + 6. What is the units digit of k?
2
Let o = -153 + 230. What is the units digit of o?
7
Let m = 601 - 347. What is the hundreds digit of m?
2
Let m(h) = -h**3 - h**2 + 3. Let x be m(0). What is the units digit of ((-5)/(-20))/(x/24)?
2
Let r = -17 + 11. Let x = -4 - r. Suppose -x*l + 5*l = 6. What is the units digit of l?
2
Suppose 3*h = -2*h. Suppose 135 = 5*d - 5*p + 50, 3*d + 5*p - 35 = h. Let l = -7 + d. What is the units digit of l?
8
Suppose -1 = -x + 14. Suppose 3*a = -2*a + x. What is the units digit of a?
3
Let k = 7 + -5. What is the tens digit of (k + -3)/((-1)/14)?
1
Suppose 0 = 11*n - 8*n + 9. What is the tens digit of (-63)/n + 1 + 2?
2
Let g(u) = -8*u + 4*u**2 + 3 - 2*u**2 - 3*u**2. Let x be g(-8). Suppose 1 = -x*o + 4. What is the units digit of o?
1
Let i = -3 - -19. Suppose -2*h - i + 1 = -o, -5*o - 4*h + 5 = 0. What is the units digit of o?
5
Let f be -2 + (10 - -1) - 0. What is the units digit of (-3)/9 + 192/f?
1
Suppose -2*g = -s, -3*s = -0*s - 4*g. Suppose u - 33 = -s. Suppose 5*w + 3 = u. What is the 